2*q + 132. Determine p(o).
-4
Let w(o) be the third derivative of o**6/60 - o**5/12 + o**4/24 - o**3/3 + 275*o**2. Give w(4).
50
Let z(a) = 51*a**2 - 6*a + 5. Let y(k) = 52*k**2 - 5*k + 4. Let m(v) = -5*y(v) + 4*z(v). Determine m(1).
-55
Let g(b) = 3 - 6 + b**3 + 3*b - 4*b**2 - 1. Suppose a + 12*a - 39 = 0. Calculate g(a).
-4
Let b = 10 - 6. Suppose 16 = -3*w + 94. Suppose f - 2*k = b*f + w, -4*f = 3*k + 36. Let x(c) = -c**3 - 7*c**2 - 7*c + 2. Determine x(f).
8
Let u(v) be the first derivative of -v**7/84 - v**5/60 + v**4/24 + 2*v**3/3 + 23. Let w(k) be the third derivative of u(k). Give w(1).
-11
Let d(l) = -l**3 - 4*l**2 + 8*l + 6. Let v be 35/(-5) + 5 + -5 + 1. What is d(v)?
30
Suppose 12*b - 8*b - 8 = 0. Let u(w) = 0*w + 0*w**b + w**2 + 0*w**2 + 4 - 7*w. Calculate u(6).
-2
Let r(l) = 3*l - 1. Suppose 0*o = -5*o. Suppose o = z - 0*z. Suppose z = c - 6 - 0. Give r(c).
17
Let h(o) = -o**3 - 3*o**2 + 3. Let i be h(-3). Suppose -2*t = 2*t + w + 4, -i*t = -2*w + 14. Let u(r) = -2*r**2 - 3*r - 3. Determine u(t).
-5
Let t be (6/(-15))/(22/(-220)). Let y(o) = o**3 - 4*o**2 - 2. Determine y(t).
-2
Let o be (3 - (-6 + 8))/((-5)/(-10)). Let v(u) be the second derivative of 1/20*u**5 + 4*u**o + 5/12*u**4 + 0 - u**3 + 12*u. Give v(-6).
8
Let w(o) = -o**3 - 5*o**2 + 1. Let s be (126 + -127)/(-1*(-1)/4). What is w(s)?
-15
Let x(m) = -m**2 - 11*m + 4. Suppose -332*i + 288 = -356*i. Give x(i).
-8
Let x(y) be the third derivative of -y**5/30 + y**4/24 + 18*y**2. Let t be x(-1). Let h(z) = -z + 1. Calculate h(t).
4
Suppose 2*l + 0 = -4. Let u = 1 - l. Let n(o) = -2*o + 0*o**2 - 2 - 4*o**3 + 3*o**2 + 2*o**u + o**3. Determine n(2).
-2
Suppose 2*k - 7*k + 50 = 0. Suppose 5*j = -0 + k. Let o(c) = -2*c + 2. Calculate o(j).
-2
Let z(q) be the third derivative of q**4/12 + 2*q**3/3 - 5*q**2. Suppose a + 0*a = 4. Let h be (-10)/a*(-30)/(-25). Determine z(h).
-2
Let j(s) = -s + 4*s + 2 + s**2 - 1. Suppose -2*z = 2*z + 12. What is j(z)?
1
Let b(c) be the second derivative of -c**5/20 - 2*c**2 - c + 4. Let z = -23 - -23. Calculate b(z).
-4
Suppose -k - 3 = 1, 2*k = -5*o - 13. Let s(j) = -j**3 - 17*j**2 - j - 15. Let x be s(-17). Let r(v) = 2 - 30*v**x - 1 + 19*v**2 + 17*v**2. Determine r(o).
7
Let u(d) be the second derivative of d**6/120 + d**5/20 - d**4/12 - 5*d**3/6 + 13*d**2 + 14*d. Let y(b) be the first derivative of u(b). Give y(-4).
-13
Let b be ((-10)/6)/((-20)/24). Let k(u) be the third derivative of 0 - 7/6*u**3 - b*u**2 - 1/24*u**4 + 0*u. What is k(0)?
-7
Let d(v) = -7*v + 15. Let g(r) = 94*r + 386. Let t be g(-4). Give d(t).
-55
Suppose -2*v - 8 = -6*v. Let z(r) = -r - 8*r + 11*r + 1 + r**v. Let j(k) = -k**3 + 4*k**2 + 5*k - 1. Let h be j(5). Determine z(h).
0
Let o(p) = p - 5. Let v = -47 - -22. Let a = v - -12. Let b = -7 - a. Give o(b).
1
Suppose 80 = u + 3*u. Suppose u*w - 23*w = 3. Let n(a) = -7*a - a**2 - a**3 + 3*a + 3*a. Give n(w).
1
Suppose 12*c - 49 = -1. Let g(b) = -b**3 + 4*b**2. Give g(c).
0
Let b(c) be the first derivative of -c**3/3 - c**2/2 + 4*c + 14. Let n be b(-3). Let p(s) = s**2 + s - 2. Calculate p(n).
0
Suppose 12*n + 5*q - 43 = 15*n, -4*n + 3*q = 39. Let y(f) = -f**3 - 6*f**2 - f. Determine y(n).
6
Let l(d) be the third derivative of d**6/120 - 2*d**5/15 + d**4/12 - d**3/3 - 151*d**2. Determine l(7).
-37
Let w(i) = 6 + i - 6 + 3 - 4. Suppose -a = -2, 0*d - 5*d - a - 38 = 0. Let s = d - -6. What is w(s)?
-3
Let z(l) = -12*l**2 + 7*l + l**2 - 35 - l**2. Let v(p) = 7*p**2 - 4*p + 18. Let w(k) = -5*v(k) - 3*z(k). What is w(0)?
15
Let a(n) = n**2 + 43*n + 43. Let h be a(-42). Let f(z) = 6*z. Give f(h).
6
Let j(g) be the second derivative of 0 - 3/2*g**2 - 1/20*g**5 - 1/2*g**3 + 21*g - 5/12*g**4. Give j(-4).
-7
Let r(b) = 4*b**3 - 4*b**2 - 10*b + 5. Let l(i) = i**3 + i**2 - i. Let h(d) = -5*l(d) + r(d). Determine h(-8).
-19
Let w(t) = -2*t + 25. Let b be 4/(-3) + 2262/117. What is w(b)?
-11
Let v = 33 - 20. Let c = 7 - v. Let j(g) be the second derivative of -g**4/12 - g**3 - 2*g**2 - g + 22. Determine j(c).
-4
Let g(x) = x**2 + 7*x + 3. Let r = 1710 + -1714. Calculate g(r).
-9
Let j(w) = 12*w - 2. Let f(c) = 2*c - 2. Let z(x) = -2*f(x) + j(x). Determine z(1).
10
Let y(g) = -2*g**3 + 15*g**2 - 8*g + 5. Let a be (10 + -9)/(3/21). Determine y(a).
-2
Let r = 26 + -9. Let l(a) = 6*a**3 + 2*a**2 - 3*a - r - a**2 + 15 - 5*a**3. Calculate l(-2).
0
Let y(l) be the second derivative of l**4/12 - 3*l**3/2 - 9*l**2/2 + 2*l - 1. Determine y(10).
1
Let n(f) = -2*f - 7. Suppose 0 = -5*u + 2*s - 30, 5*s - 2*s = -4*u - 24. Give n(u).
5
Suppose -3*s - 2*c = -34, 2*s = -0*s + 4*c - 4. Let w(p) = p**3 - 88 - 10*p - s*p**2 + 88. Give w(9).
-9
Let c(g) = 1394 - 1408 - 4*g + 9*g. Calculate c(6).
16
Let z be (0 + -1)/((-1)/(-3)). Let d(t) = -7*t**2 + 4*t + 5 + 2 + 1. Let r(o) = 6*o**2 - 3*o - 7. Let l(p) = 4*d(p) + 5*r(p). What is l(z)?
12
Let j(u) = u**3 - u**2 + 1. Let k(b) = b**3 - 12*b + 12. Let o be k(3). Calculate j(o).
19
Let g(t) = 4*t + 7 - 2 - t**2 - 9*t + 2. Suppose -2*b = 3*b + 75. Let w = 10 + b. Determine g(w).
7
Let a(y) = y**3 - 13*y**2 + 12*y - 8. Let v(z) = -z**3 - z**2 - 4*z - 18. Let l be v(-3). Calculate a(l).
-8
Let i = -22 + 24. Suppose -2*k - 16 = i*x - 0*k, -4*x = k + 23. Let o(y) be the first derivative of -y**3/3 - 5*y**2/2 + y - 3. Calculate o(x).
1
Let o(i) = -2*i + 14. Suppose -78 - 6 = -14*v. Calculate o(v).
2
Let j(g) = -7*g + 3. Let z(o) = -1. Let t(q) = j(q) + 6*z(q). Suppose 12 = -37*n + 31*n. Calculate t(n).
11
Let p(z) = -4*z**3 + z**2 + z. Let r be p(-1). Suppose 5*l = 4*b + 39, 2*b = 4*b - r*l + 24. Let h(i) = -i**2 - 7*i + 7. Determine h(b).
13
Suppose -2 - 2 = x. Let k(t) = -4*t**2 + 301 - 603 + 297 + 2*t**3 - 3*t**3 - 2*t. What is k(x)?
3
Let t(y) = y**3 + y + 13. Let p be ((-8)/(-10))/(10/50). Suppose -p = 5*r - 3*s + 7, s - 2 = 0. Let w(h) = h**3 - h. Let b be w(r). Give t(b).
13
Let v(w) = -2*w - 1. Let s be v(-1). Let n(d) = 2. Let g(p) = 4*p. Let j(q) = 5*q. Let m(a) = -4*g(a) + 3*j(a). Let u(r) = s*n(r) + 3*m(r). Give u(4).
-10
Let c be -1 + (0 - -49) + (6 - 9). Let i(h) = -h**3 + 49*h - 2 + h**3 - c*h - h**3 + h**2. Determine i(3).
-8
Let u(s) = -6*s - 1. Let g(r) = 3*r - 28. Let j be g(11). Let i(t) = 7*t + 1. Let k(w) = j*i(w) + 6*u(w). What is k(-1)?
0
Let v(x) = -x**2 - 14*x + 17. Suppose 0 = 99*a - 68*a + 465. Give v(a).
2
Let u(i) = i**2 + i. Let g(t) = 2*t**3 - 19*t**2 + 11*t - 14. Let w be g(9). Let n be 3/(3 + (-6)/w). Determine u(n).
6
Suppose 4*y = a - 9, -5*a + 0*a = y + 39. Let f(g) be the first derivative of g**3/3 + 7*g**2/2 - 5*g + 3. Calculate f(a).
-5
Let v(f) = 0*f**3 - 2*f**2 - f - 2*f**3 + 7*f**3 - 10*f**3. Give v(-1).
4
Suppose 4*i = -5*u + 24 - 1, 3*i + 3 = 3*u. Suppose -u*j - 2*j = h - 14, -2*j + 3*h + 9 = 0. Let c(r) = -r**2 - 4*r + 4. Calculate c(j).
-17
Let u(f) = 6*f + 4. Let i(p) = p**3 - 13*p**2 - 16*p - 11. Let l be i(14). Let y = l - -36. Give u(y).
-14
Let t = 87 + -85. Let h(v) = -v**2 + 7*v**2 - 3*v + 2*v - v**3 + 4 - 3*v**t. Determine h(3).
1
Suppose -2*q - 4*b - 16 = -4*q, 2*b = -6. Let c = 4 + -3. Let g(i) = -4 - 7 + q*i - i - c. What is g(7)?
-5
Let s(d) = 7 - 8*d + 20*d - 10*d - 3*d. Calculate s(3).
4
Let b be 1*(-189)/6*2. Let o be (9/(-2))/(b/42). Let a(n) = 0*n**3 + 4 - n + 2*n**2 - n**3 + 3*n. Calculate a(o).
1
Let p = 0 - 3. Let j(c) = -5*c - 16. Let d be j(-4). Let h(i) = 8 + i**2 - 5 + 2*i**2 - d*i**2. Give h(p).
-6
Let u(k) be the first derivative of -k**3/3 - 6*k**2 + 12*k + 377. Calculate u(-14).
-16
Let t(h) = -h**3 - h + 6. Let r be 2/(20/75) + (-6)/(-4). Let v(f) = -f - 3*f + f**2 - 5*f. Let p be v(r). Calculate t(p).
6
Let n be (((-2)/4)/(57/228))/(-1). Let o(g) = 3*g**2 + g - 3. Calculate o(n).
11
Let d(f) = -2*f**2 + 6*f - 1. Let a(c) be the second derivative of 3*c - 1/2*c**4 + 0 - 4*c**2 - 1/20*c**5 - 1/3*c**3. Let o be a(-6). Give d(o).
-9
Let m(b) = -b + 4. Suppose 0 = s + 4 + 6. Let o be (-24)/(-14) - s/35. Suppose -q = u - o, 0*u - u - 10 = -3*q. Calculate m(q).
1
Let r(q) = -q**2 + 15*q + 15. Let n be r(16). Let a be (3/(-5))/((-5)/25). Let k(t) = 2 + 2*t**3 - 1 + t**a. Determine k(n).
-2
Suppose -o + 21 = 6*o. Suppose o*q = -27 + 33. Let r(c) = q*c**2 + c**3 - c + 4 + 5*c**2 + 3*c. Calculate r(-7).
-10
Let z(s) = -s**3 + s**2 + s + 1. Let r(i) = 